5416363?
False
Is 19 a factor of 663691679?
True
Is 1755899868 a multiple of 889?
False
Is 665 a factor of 476392700?
True
Is 182281894 a multiple of 2218?
True
Is 163773022 a multiple of 14?
True
Does 4482 divide 401525031?
False
Does 376 divide 279178372?
False
Is 266 a factor of 18238717?
False
Is 16 a factor of 451061?
False
Is 1525240627 a multiple of 2681?
False
Is 10 a factor of 687205?
False
Is 1064 a factor of 41995573?
False
Is 341 a factor of 21151548?
True
Is 6 a factor of 407038242?
True
Is 16 a factor of 57991892?
False
Does 14 divide 334473328?
True
Is 65427879 a multiple of 869?
True
Does 10 divide 82350357?
False
Is 1583 a factor of 427975131?
True
Does 274 divide 183616330?
False
Is 185455975 a multiple of 425?
True
Is 63119615 a multiple of 5?
True
Is 206 a factor of 20425739?
False
Is 11253577 a multiple of 28?
False
Is 20 a factor of 1980300?
True
Does 9 divide 463455432?
True
Is 60814766 a multiple of 142?
True
Is 651 a factor of 1126380?
False
Is 10816393 a multiple of 240?
False
Is 179077371 a multiple of 405?
False
Is 127 a factor of 1335022129?
False
Does 513 divide 19290402?
False
Does 10 divide 1090037930?
True
Is 50139296 a multiple of 50?
False
Does 22 divide 27938746?
True
Is 1438953717 a multiple of 37?
True
Is 230 a factor of 467026176?
False
Is 30754201 a multiple of 1321?
True
Is 151208508 a multiple of 122?
True
Is 6086045 a multiple of 25?
False
Is 36 a factor of 43525584?
True
Is 2866650 a multiple of 8?
False
Is 387673547 a multiple of 5972?
False
Is 13661618 a multiple of 6?
False
Is 89 a factor of 171218196?
False
Is 4 a factor of 39070444?
True
Is 54 a factor of 448171866?
True
Is 1930 a factor of 830319535?
False
Does 36 divide 165241620?
True
Does 4 divide 85741256?
True
Does 37 divide 2656875021?
True
Is 53 a factor of 350305355?
True
Does 146 divide 456575906?
False
Is 632745840 a multiple of 3960?
False
Is 134 a factor of 120307103?
False
Is 17609112 a multiple of 9?
True
Does 10 divide 91717786?
False
Is 229 a factor of 70102399?
False
Does 109 divide 117295772?
True
Does 572 divide 108798362?
False
Is 1695 a factor of 756119131?
False
Does 940 divide 23340507?
False
Does 387 divide 438981136?
False
Is 122266539 a multiple of 173?
True
Does 122 divide 42532588?
False
Is 1658 a factor of 63990686?
False
Is 22 a factor of 180520516?
True
Is 1034995970 a multiple of 1208?
False
Does 370 divide 2203720?
True
Does 45 divide 2549726373?
False
Is 130 a factor of 964563080?
True
Is 80 a factor of 166125040?
True
Is 32 a factor of 1058239961?
False
Is 126981488 a multiple of 58?
True
Does 22 divide 793577510?
True
Is 922218346 a multiple of 14?
True
Is 37362056 a multiple of 1522?
True
Is 75795060 a multiple of 60?
True
Does 208 divide 99569184?
True
Is 874812675 a multiple of 33?
True
Is 623 a factor of 78263268?
False
Does 734 divide 16360035?
False
Is 103 a factor of 3486964?
False
Is 493161322 a multiple of 73?
False
Is 188630530 a multiple of 11?
True
Is 160217435 a multiple of 257?
False
Is 97859350 a multiple of 5?
True
Is 2458 a factor of 20002900?
False
Is 10439640 a multiple of 11?
False
Does 53 divide 1538662490?
False
Is 91155792 a multiple of 123?
True
Does 7 divide 5835636?
False
Is 462957812 a multiple of 4217?
False
Is 4114856690 a multiple of 290?
True
Does 30 divide 745836360?
True
Does 248 divide 185231944?
True
Is 169 a factor of 23405317?
True
Is 65953404 a multiple of 97?
True
Is 42 a factor of 5648748?
True
Is 10 a factor of 11391991?
False
Does 2260 divide 285410880?
True
Is 1295856265 a multiple of 31?
True
Is 9 a factor of 9246836?
False
Is 5530855 a multiple of 6?
False
Is 115611950 a multiple of 430?
True
Is 13 a factor of 134395287?
True
Is 1222 a factor of 210128990?
False
Is 7763156 a multiple of 9?
False
Does 4292 divide 489240788?
True
Is 3 a factor of 3504848?
False
Is 88 a factor of 45804880?
True
Is 156 a factor of 53959308?
True
Is 2372 a factor of 25809214?
False
Is 5 a factor of 61328470?
True
Does 3921 divide 935979844?
False
Does 14 divide 120954218?
True
Does 448 divide 290154506?
False
Is 453 a factor of 152749788?
True
Is 22 a factor of 2415436562?
True
Does 1432 divide 308478055?
False
Does 202 divide 26901350?
True
Is 36 a factor of 290895012?
True
Is 1090665321 a multiple of 10066?
False
Is 3571223 a multiple of 80?
False
Is 151 a factor of 24831195?
True
Does 11 divide 349260637?
True
Does 323 divide 35075942?
False
Is 197 a factor of 85118972?
True
Is 178886669 a multiple of 13?
True
Does 20 divide 419002420?
True
Is 3460883670 a multiple of 2083?
True
Does 920 divide 249081?
False
Is 29576120 a multiple of 75?
False
Does 135 divide 129366855?
True
Is 16498620 a multiple of 18?
True
Does 1839 divide 529486225?
False
Does 167 divide 2980384220?
False
Does 6 divide 176225576?
False
Is 372 a factor of 11989188?
True
Is 13198 a factor of 4526095724?
True
Does 219 divide 199415485?
False
Does 78 divide 87348846?
True
Is 1861142 a multiple of 17?
False
Is 2 a factor of 1969712?
True
Is 536411005 a multiple of 37?
False
Is 1152363672 a multiple of 24?
True
Is 5950209833 a multiple of 337?
True
Is 339525450 a multiple of 3?
True
Is 75 a factor of 703726125?
True
Does 66 divide 2344246?
False
Is 2649453 a multiple of 16?
False
Is 170840216 a multiple of 1119?
False
Is 899 a factor of 324469223?
False
Does 2837 divide 3108539951?
False
Is 97599749 a multiple of 2587?
True
Is 17243976 a multiple of 538?
True
Is 444 a factor of 83405625?
False
Does 110 divide 3076150?
True
Is 91 a factor of 8956857?
True
Does 8323 divide 5567293044?
False
Does 19 divide 8292512?
True
Does 249 divide 125029324?
False
Is 1446 a factor of 91077756?
True
Is 21 a factor of 18125184?
True
Does 15 divide 77309640?
True
Is 11 a factor of 576824248?
True
Is 24 a factor of 19511480?
False
Does 20 divide 1098876140?
True
Is 8 a factor of 173719139?
False
Does 299 divide 591275191?
True
Does 24 divide 234980760?
True
Is 1767095885 a multiple of 305?
True
Does 51 divide 364583173?
False
Does 88 divide 227399392?
True
Is 1854572330 a multiple of 2755?
True
Is 205066026 a multiple of 121?
False
Is 236778475 a multiple of 25?
True
Does 15 divide 44267235?
True
Is 136445936 a multiple of 74?
True
Is 123 a factor of 1184916908?
False
Does 36 divide 772524?
True
Is 2783 a factor of 492507510?
True
Is 226342223 a multiple of 20?
False
Is 625 a factor of 1818750?
True
Is 77935519 a multiple of 8?
False
Is 52 a factor of 912113644?
True
Is 921431064 a multiple of 1308?
True
Does 54 divide 770624874?
True
Does 285 divide 3614370?
True
Does 80 divide 28380191?
False
Does 13 divide 393821798?
False
Is 211 a factor of 598750691?
True
Does 722 divide 7942000?
True
Does 3558 divide 117468409?
False
Is 18982102 a multiple of 722?
True
Does 33 divide 23712414?
True
Is 65 a factor of 24675560?
True
Is 223217289 a multiple of 5670?
False
Is 132 a factor of 694350193?
False
Is 3 a factor of 5055806?
False
Is 307 a factor of 283872370?
False
Is 191 a factor of 8615332?
False
Does 8 divide 622464984?
True
Does 6054 divide 64876378?
False
Is 16232350 a multiple of 739?
False
Does 2199 divide 14355072?
True
Does 145 divide 4260415955?
True
Does 2422 divide 293886575?
False
Does 19 divide 23854823?
True
Is 880 a factor of 631259200?
True
Does 891 divide 559256082?
False
Is 64994558 a multiple of 14?
False
Does 53 divide 58167957?
False
Is 5210304 a multiple of 64?
True
Is 288 a factor of 1878624?
True
Is 7290881 a multiple of 827?
False
Is 215831254 a multiple of 23?
False
Is 54 a factor of 275460426?
True
Does 461 divide 37512900?
False
Does 32 divide 2165464608?
True
Is 30 a factor of 48901800?
True
Does 34 divide 1383761240?
True
Is 8877318502 a multiple of 13?
True
Does 54 divide 8251682814?
True
Is 321 a factor of 50412729?
True
Is 178179232 a multiple of 15?
False
Is 274181911 a multiple of 176?
False
Does 341 divide 82584744?
True
Does 10 divide 34498582?
False
Is 79 a factor of 59784830?
True
Is 40 a factor of 383240725?
False
Does 75 divide 447458414?
False
Is 119180866 a multiple of 40?
False
Does 76 divide 179229069?
False
Is 6095690 a multiple of 5?
True
Does 24 divide 531464208?
True
Does 252 divide 401792580?
True
Does 30 divide 5655350?
False
Is 2186 a factor of 4405222828?
True
Is 23 a factor of 265044